{"id":8621,"date":"2019-06-06T14:35:16","date_gmt":"2019-06-06T12:35:16","guid":{"rendered":"http:\/\/www.brunnenputzer.de\/wordpress\/?page_id=8621"},"modified":"2019-06-06T14:35:16","modified_gmt":"2019-06-06T12:35:16","slug":"jahreshauptversammlung","status":"publish","type":"page","link":"https:\/\/www.brunnenputzer.de\/wordpress\/jahreshauptversammlung\/","title":{"rendered":"Jahreshauptversammlung"},"content":{"rendered":"\n<div class=\"wp-block-media-text alignwide\"><figure class=\"wp-block-media-text__media\"><img loading=\"lazy\" decoding=\"async\" width=\"847\" height=\"542\" src=\"https:\/\/www.brunnenputzer.de\/wordpress\/wp-content\/uploads\/2019\/06\/Vorstandschaft-2019.jpg\" alt=\"\" class=\"wp-image-8613\" srcset=\"https:\/\/www.brunnenputzer.de\/wordpress\/wp-content\/uploads\/2019\/06\/Vorstandschaft-2019.jpg 847w, https:\/\/www.brunnenputzer.de\/wordpress\/wp-content\/uploads\/2019\/06\/Vorstandschaft-2019-300x192.jpg 300w, https:\/\/www.brunnenputzer.de\/wordpress\/wp-content\/uploads\/2019\/06\/Vorstandschaft-2019-768x491.jpg 768w, https:\/\/www.brunnenputzer.de\/wordpress\/wp-content\/uploads\/2019\/06\/Vorstandschaft-2019-618x395.jpg 618w, https:\/\/www.brunnenputzer.de\/wordpress\/wp-content\/uploads\/2019\/06\/Vorstandschaft-2019-444x284.jpg 444w\" sizes=\"auto, (max-width: 847px) 100vw, 847px\" \/><\/figure><div class=\"wp-block-media-text__content\">\n<p class=\"has-large-font-size\">22.05.2019<\/p>\n\n\n\n<p>62 Brunnenputzer trafen sich im Gasthaus \u201eZum Speer\u201c zur  Jahreshauptversammlung der Fastnachtsgesellschaft K\u00fclsheimer  Brunnenputzer. In seinem R\u00fcckblick ging Vorsitzender Michael Klapka auf  die vielen Aktivit\u00e4ten des zur\u00fcckliegenden Jahres ein und dankte allen,  dass sie zu diesem Gelingen beigetragen haben&#8230;<\/p>\n\n\n\n<p>Den ganzen Bericht aus den  \u00a9 <a href=\"https:\/\/www.fnweb.de\/fraenkische-nachrichten_artikel,-kuelsheim-marco-fueger-fungiert-kuenftig-als-vorsitzender-des-vereins-_arid,1465336.html\">Fr\u00e4nkische Nachrichten gibt es hier!!!<\/a><\/p>\n<\/div><\/div>\n\n\n\n<p><\/p>\n","protected":false},"excerpt":{"rendered":"<p>22.05.2019 62 Brunnenputzer trafen sich im Gasthaus \u201eZum Speer\u201c zur Jahreshauptversammlung der Fastnachtsgesellschaft K\u00fclsheimer Brunnenputzer. In seinem R\u00fcckblick ging Vorsitzender Michael Klapka auf die vielen Aktivit\u00e4ten des zur\u00fcckliegenden Jahres ein und dankte allen, dass sie zu diesem Gelingen beigetragen haben&#8230; Den ganzen Bericht aus den \u00a9 Fr\u00e4nkische Nachrichten gibt es hier!!!<\/p>\n","protected":false},"author":2,"featured_media":0,"parent":0,"menu_order":0,"comment_status":"closed","ping_status":"closed","template":"","meta":{"footnotes":""},"class_list":["post-8621","page","type-page","status-publish","hentry"],"jetpack_sharing_enabled":true,"_links":{"self":[{"href":"https:\/\/www.brunnenputzer.de\/wordpress\/wp-json\/wp\/v2\/pages\/8621","targetHints":{"allow":["GET"]}}],"collection":[{"href":"https:\/\/www.brunnenputzer.de\/wordpress\/wp-json\/wp\/v2\/pages"}],"about":[{"href":"https:\/\/www.brunnenputzer.de\/wordpress\/wp-json\/wp\/v2\/types\/page"}],"author":[{"embeddable":true,"href":"https:\/\/www.brunnenputzer.de\/wordpress\/wp-json\/wp\/v2\/users\/2"}],"replies":[{"embeddable":true,"href":"https:\/\/www.brunnenputzer.de\/wordpress\/wp-json\/wp\/v2\/comments?post=8621"}],"version-history":[{"count":1,"href":"https:\/\/www.brunnenputzer.de\/wordpress\/wp-json\/wp\/v2\/pages\/8621\/revisions"}],"predecessor-version":[{"id":8623,"href":"https:\/\/www.brunnenputzer.de\/wordpress\/wp-json\/wp\/v2\/pages\/8621\/revisions\/8623"}],"wp:attachment":[{"href":"https:\/\/www.brunnenputzer.de\/wordpress\/wp-json\/wp\/v2\/media?parent=8621"}],"curies":[{"name":"wp","href":"https:\/\/api.w.org\/{rel}","templated":true}]}}