{"id":334,"date":"2018-06-14T12:07:06","date_gmt":"2018-06-14T10:07:06","guid":{"rendered":"http:\/\/www.brunnenputzer.de\/wordpress\/?page_id=334"},"modified":"2019-01-16T11:19:05","modified_gmt":"2019-01-16T10:19:05","slug":"bilder-2018","status":"publish","type":"page","link":"https:\/\/www.brunnenputzer.de\/wordpress\/bildergalerie\/bilder-2018\/","title":{"rendered":"Bilder 2018"},"content":{"rendered":"<p><em>Die Bilder wurden vor der Ver\u00f6ffentlichung sorgf\u00e4ltig ausgew\u00e4hlt, solltet ihr dennoch die Entfernung eines Bildes w\u00fcnschen, bitte eine Mail an einen der Webmaster\u00a0<\/em><em>schicken<\/em><em>\u00a0(siehe Impressum)<\/em><em>. Vielen Dank!<\/em><\/p>\n<p><img loading=\"lazy\" decoding=\"async\" class=\"alignnone size-full wp-image-6844\" src=\"https:\/\/www.brunnenputzer.de\/wordpress\/wp-content\/uploads\/2019\/01\/pp_2018-Clarissa-Markl-Tobias-Stemmler-sw.jpg\" alt=\"\" width=\"595\" height=\"842\" srcset=\"https:\/\/www.brunnenputzer.de\/wordpress\/wp-content\/uploads\/2019\/01\/pp_2018-Clarissa-Markl-Tobias-Stemmler-sw.jpg 595w, https:\/\/www.brunnenputzer.de\/wordpress\/wp-content\/uploads\/2019\/01\/pp_2018-Clarissa-Markl-Tobias-Stemmler-sw-212x300.jpg 212w, https:\/\/www.brunnenputzer.de\/wordpress\/wp-content\/uploads\/2019\/01\/pp_2018-Clarissa-Markl-Tobias-Stemmler-sw-314x444.jpg 314w\" sizes=\"auto, (max-width: 595px) 100vw, 595px\" \/><\/p>\n\n\n\n\n\n\n<p>&#8230;aus der vergangenen Kampagne:<\/p>\n\n\n\n<div class=\"wp-block-image\"><figure class=\"alignleft is-resized\"><img loading=\"lazy\" decoding=\"async\" src=\"https:\/\/www.brunnenputzer.de\/wordpress\/wp-content\/uploads\/2018\/07\/Gisela-1.jpg\" alt=\"\" class=\"wp-image-6526\" width=\"194\" height=\"233\" srcset=\"https:\/\/www.brunnenputzer.de\/wordpress\/wp-content\/uploads\/2018\/07\/Gisela-1.jpg 415w, https:\/\/www.brunnenputzer.de\/wordpress\/wp-content\/uploads\/2018\/07\/Gisela-1-249x300.jpg 249w, https:\/\/www.brunnenputzer.de\/wordpress\/wp-content\/uploads\/2018\/07\/Gisela-1-369x444.jpg 369w\" sizes=\"auto, (max-width: 194px) 100vw, 194px\" \/><\/figure><\/div>\n\n\n\n<p>27.07.2018&nbsp;&nbsp;<strong>Ferienprogramm:&nbsp;<\/strong><\/p>\n\n\n\n<p>Beim Ferienprogramm in K\u00fclsheim hie\u00df es zum Auftakt am Donnerstagnachmittag f\u00fcr 29 Kinder: \u201eWir bauen unsere Strohpuppe\u201c. Nach getaner Arbeit hie\u00df es: \u201eOh Gisela, oh Gisela<\/p>\n\n\n\n<p><em><a href=\"https:\/\/www.brunnenputzer.de\/wordpress\/ferienprogramm-2018\/\">&#8230;weiterlesen!&nbsp;<\/a><\/em><\/p>\n\n\n\n<hr class=\"wp-block-separator\"\/>\n\n\n\n<div class=\"wp-block-image\"><figure class=\"alignleft is-resized\"><img loading=\"lazy\" decoding=\"async\" src=\"https:\/\/www.brunnenputzer.de\/wordpress\/wp-content\/uploads\/2018\/07\/Scheck...-Maibaum-2018.jpg\" alt=\"\" class=\"wp-image-6562\" width=\"195\" height=\"117\" srcset=\"https:\/\/www.brunnenputzer.de\/wordpress\/wp-content\/uploads\/2018\/07\/Scheck...-Maibaum-2018.jpg 860w, https:\/\/www.brunnenputzer.de\/wordpress\/wp-content\/uploads\/2018\/07\/Scheck...-Maibaum-2018-300x181.jpg 300w, https:\/\/www.brunnenputzer.de\/wordpress\/wp-content\/uploads\/2018\/07\/Scheck...-Maibaum-2018-768x463.jpg 768w, https:\/\/www.brunnenputzer.de\/wordpress\/wp-content\/uploads\/2018\/07\/Scheck...-Maibaum-2018-618x373.jpg 618w, https:\/\/www.brunnenputzer.de\/wordpress\/wp-content\/uploads\/2018\/07\/Scheck...-Maibaum-2018-444x268.jpg 444w\" sizes=\"auto, (max-width: 195px) 100vw, 195px\" \/><\/figure><\/div>\n\n\n\n<p>24.07.2018&nbsp;<strong>Scheck\u00fcbergabe:<\/strong><\/p>\n\n\n\n<p>Einen Scheck in H\u00f6he von 1000 Euro \u00fcbergab die Faschingsgesellschaft Brunnenputzer an die Pater-Alois-Grimm-Schule <a href=\"https:\/\/www.brunnenputzer.de\/wordpress\/maibaumaufstellen-2018\/\"><em>&#8230;weiterlesen<\/em><\/a><\/p>\n\n\n\n<h6 class=\"wp-block-heading\"><em>Das Bild zeigt (von links) Stephan Lange, Rektor Udo M\u00fcller und Cornel Schreck.<\/em><\/h6>\n\n\n\n<hr class=\"wp-block-separator\"\/>\n\n\n\n<hr class=\"wp-block-separator\"\/>\n\n\n\n<hr class=\"wp-block-separator\"\/>\n\n\n\n<div class=\"wp-block-image\"><figure class=\"alignleft is-resized\"><img loading=\"lazy\" decoding=\"async\" src=\"https:\/\/www.brunnenputzer.de\/wordpress\/wp-content\/uploads\/2018\/06\/2018_narrenmesse_009-300x200.jpg\" alt=\"\" class=\"wp-image-940\" width=\"225\" height=\"150\" srcset=\"https:\/\/www.brunnenputzer.de\/wordpress\/wp-content\/uploads\/2018\/06\/2018_narrenmesse_009-300x200.jpg 300w, https:\/\/www.brunnenputzer.de\/wordpress\/wp-content\/uploads\/2018\/06\/2018_narrenmesse_009-768x512.jpg 768w, https:\/\/www.brunnenputzer.de\/wordpress\/wp-content\/uploads\/2018\/06\/2018_narrenmesse_009.jpg 1024w, https:\/\/www.brunnenputzer.de\/wordpress\/wp-content\/uploads\/2018\/06\/2018_narrenmesse_009-618x412.jpg 618w, https:\/\/www.brunnenputzer.de\/wordpress\/wp-content\/uploads\/2018\/06\/2018_narrenmesse_009-444x296.jpg 444w\" sizes=\"auto, (max-width: 225px) 100vw, 225px\" \/><\/figure><\/div>\n\n\n\n<p>&nbsp;21.01.2018<\/p>\n\n\n\n<p><strong>Narrenmesse<\/strong><\/p>\n\n\n\n<p><\/p>\n\n\n\n<hr class=\"wp-block-separator\"\/>\n\n\n\n<p><strong>t<\/strong><\/p>\n\n\n\n<hr class=\"wp-block-separator\"\/>\n\n\n\n<div class=\"wp-block-image\"><figure class=\"alignleft\"><img loading=\"lazy\" decoding=\"async\" width=\"300\" height=\"169\" src=\"https:\/\/www.brunnenputzer.de\/wordpress\/wp-content\/uploads\/2018\/06\/2018_schnappschuesse_img-20180210-wa0016-300x169.jpg\" alt=\"\" class=\"wp-image-1893\" srcset=\"https:\/\/www.brunnenputzer.de\/wordpress\/wp-content\/uploads\/2018\/06\/2018_schnappschuesse_img-20180210-wa0016-300x169.jpg 300w, https:\/\/www.brunnenputzer.de\/wordpress\/wp-content\/uploads\/2018\/06\/2018_schnappschuesse_img-20180210-wa0016-768x432.jpg 768w, https:\/\/www.brunnenputzer.de\/wordpress\/wp-content\/uploads\/2018\/06\/2018_schnappschuesse_img-20180210-wa0016.jpg 1024w, https:\/\/www.brunnenputzer.de\/wordpress\/wp-content\/uploads\/2018\/06\/2018_schnappschuesse_img-20180210-wa0016-618x348.jpg 618w, https:\/\/www.brunnenputzer.de\/wordpress\/wp-content\/uploads\/2018\/06\/2018_schnappschuesse_img-20180210-wa0016-444x250.jpg 444w\" sizes=\"auto, (max-width: 300px) 100vw, 300px\" \/><\/figure><\/div>\n\n\n\n<p>&nbsp;11.11.2017<\/p>\n\n\n\n<p><strong>Proklamation<\/strong><\/p>\n\n\n\n<p>&#8222;Jetzt ist es raus und wir sind da, das 2018er Prinzenpaar!&#8220; Die neuen fastnachtlichen Hoheiten der Fastnachtsgesellschaft K\u00fclsheimer Brunnenputzer h\u00f6chst selbst verk\u00fcndeten dies bei der Proklamation am Samstagabend inmitten ihrer n\u00e4rrischen Gefolgschaft. <strong>Prinzessin Clarissa I. &#8222;von der Rue de la Wutz&#8220;<\/strong> (Clarissa Markl) und <strong>Prinz Tobi I. &#8222;der mit dem Holz tanzt&#8220;<\/strong> (Tobias Stemmler) werden die Kampagne in der Brunnenstadt anf\u00fchren. <\/p>\n\n\n\n<!--more-->\n\n\n\n<p>Wie jedes Jahr, blieb die Neuigkeit bis kurz vor ihrer Enth\u00fcllung streng geheim. Die ganze Bandbreite n\u00e4rrischer Altersklassen hatte sich im Alten Rathaus versammelt, den spannenden Moment mitzuerleben&#8230;<br>&#8222;Der Tag ist da, der jeden Fosnochter freut, der 11.11., der is heut'&#8220;, lie\u00df der Pr\u00e4sident bedeutungsvoll wissen, f\u00fcgte allerlei pr\u00e4chtig Gereimtes an&#8230;<\/p>\n\n\n\n<p>Den kompletten Bericht von Hans-Peter Wagner gibt es unter folgendem Link zum Nachlesen:<\/p>\n\n\n\n<figure class=\"wp-block-embed\"><div class=\"wp-block-embed__wrapper\">\nhttps:\/\/www.fnweb.de\/fraenkische-nachrichten_artikel,-kuelsheim-clarissa-i-und-tobi-i-regieren-_arid,1146798.html\n<\/div><\/figure>\n","protected":false},"excerpt":{"rendered":"<p>Die Bilder wurden vor der Ver\u00f6ffentlichung sorgf\u00e4ltig ausgew\u00e4hlt, solltet ihr dennoch die Entfernung eines Bildes w\u00fcnschen, bitte eine Mail an einen der Webmaster\u00a0schicken\u00a0(siehe Impressum). Vielen Dank! &#8230;aus der vergangenen Kampagne: 27.07.2018&nbsp;&nbsp;Ferienprogramm:&nbsp; Beim Ferienprogramm in K\u00fclsheim hie\u00df es zum Auftakt am Donnerstagnachmittag f\u00fcr 29 Kinder: \u201eWir bauen unsere Strohpuppe\u201c. Nach getaner Arbeit hie\u00df es: \u201eOh Gisela, [&hellip;]<\/p>\n","protected":false},"author":3,"featured_media":0,"parent":60,"menu_order":0,"comment_status":"closed","ping_status":"closed","template":"","meta":{"footnotes":""},"class_list":["post-334","page","type-page","status-publish","hentry"],"jetpack_sharing_enabled":true,"_links":{"self":[{"href":"https:\/\/www.brunnenputzer.de\/wordpress\/wp-json\/wp\/v2\/pages\/334","targetHints":{"allow":["GET"]}}],"collection":[{"href":"https:\/\/www.brunnenputzer.de\/wordpress\/wp-json\/wp\/v2\/pages"}],"about":[{"href":"https:\/\/www.brunnenputzer.de\/wordpress\/wp-json\/wp\/v2\/types\/page"}],"author":[{"embeddable":true,"href":"https:\/\/www.brunnenputzer.de\/wordpress\/wp-json\/wp\/v2\/users\/3"}],"replies":[{"embeddable":true,"href":"https:\/\/www.brunnenputzer.de\/wordpress\/wp-json\/wp\/v2\/comments?post=334"}],"version-history":[{"count":11,"href":"https:\/\/www.brunnenputzer.de\/wordpress\/wp-json\/wp\/v2\/pages\/334\/revisions"}],"predecessor-version":[{"id":6847,"href":"https:\/\/www.brunnenputzer.de\/wordpress\/wp-json\/wp\/v2\/pages\/334\/revisions\/6847"}],"up":[{"embeddable":true,"href":"https:\/\/www.brunnenputzer.de\/wordpress\/wp-json\/wp\/v2\/pages\/60"}],"wp:attachment":[{"href":"https:\/\/www.brunnenputzer.de\/wordpress\/wp-json\/wp\/v2\/media?parent=334"}],"curies":[{"name":"wp","href":"https:\/\/api.w.org\/{rel}","templated":true}]}}